{"id":21199,"date":"2026-04-21T14:51:45","date_gmt":"2026-04-21T12:51:45","guid":{"rendered":"https:\/\/store.astieks.com\/product\/heliosa-obelisk-lighting-and-heating\/"},"modified":"2026-04-21T14:51:45","modified_gmt":"2026-04-21T12:51:45","slug":"heliosa-obelisk-lighting-and-heating","status":"publish","type":"product","link":"https:\/\/store.astieks.com\/et\/product\/heliosa-obelisk-lighting-and-heating\/","title":{"rendered":"HELIOSA OBELISK \u2013 valgustus ja k\u00fcte"},"content":{"rendered":"<div style=\"font-size: small; text-decoration: none; font-family: 'Calibri'; font-weight: normal; color: #000000; font-style: normal; display: inline;\">\n<div dir=\"ltr\">\n<div>\n<div>Disainitud infrapunakiirgurite sari, mis on loodud arhitektidele, disaineritele, HoReCa-sektorile ja eraklientidele. Heliosa professionaalsed infrapunakiirgurid sobivad ideaalselt verandade, terrasside ja v\u00e4lialade soojendamiseks kohtades, kus on oluline maksimaalne elegants ja tagasihoidlikkus. Heliosa \u00fchendab k\u00f5rge soojusv\u00f5imsuse stiilse disainiga, mis sulandub harmooniliselt igasse keskkonda.  <\/div>\n<\/div>\n<\/div>\n<\/div>\n","protected":false},"excerpt":{"rendered":"<div style=\"font-size: small; text-decoration: none; font-family: 'Calibri'; font-weight: normal; color: #000000; font-style: normal; display: inline;\">\n<div dir=\"ltr\">\n<div>\n<div>Seade on valmistatud pol\u00fcet\u00fcleenist, millel on v\u00e4ga head mehaanilised omadused (ei deformeeru). Tegemist on keskkonnas\u00f5braliku materjaliga, mis on taaskasutatav ning vastupidav ilmastikule, temperatuurimuutustele ja UV-kiirgusele.<br \/>Koosneb kahest osast: \u00fcks alus (postament) ja teine p\u00f5hikorpus. Seadme k\u00f5rgus on umbes 208 cm.<br \/>Sobib kasutamiseks v\u00e4litingimustes.  <\/div>\n<\/div>\n<\/div>\n<\/div>\n","protected":false},"featured_media":14301,"template":"","meta":{"_acf_changed":false},"product_brand":[679],"product_cat":[385],"product_tag":[],"class_list":{"0":"post-21199","1":"product","2":"type-product","3":"status-publish","4":"has-post-thumbnail","6":"product_brand-star-progetti","7":"product_cat-valiseadmed","8":"nt-post-class","9":"","15":"first","16":"instock","17":"sale","18":"taxable","19":"shipping-taxable","20":"purchasable","21":"product-type-simple"},"acf":[],"_links":{"self":[{"href":"https:\/\/store.astieks.com\/et\/wp-json\/wp\/v2\/product\/21199","targetHints":{"allow":["GET"]}}],"collection":[{"href":"https:\/\/store.astieks.com\/et\/wp-json\/wp\/v2\/product"}],"about":[{"href":"https:\/\/store.astieks.com\/et\/wp-json\/wp\/v2\/types\/product"}],"version-history":[{"count":0,"href":"https:\/\/store.astieks.com\/et\/wp-json\/wp\/v2\/product\/21199\/revisions"}],"wp:featuredmedia":[{"embeddable":true,"href":"https:\/\/store.astieks.com\/et\/wp-json\/wp\/v2\/media\/14301"}],"wp:attachment":[{"href":"https:\/\/store.astieks.com\/et\/wp-json\/wp\/v2\/media?parent=21199"}],"wp:term":[{"taxonomy":"product_brand","embeddable":true,"href":"https:\/\/store.astieks.com\/et\/wp-json\/wp\/v2\/product_brand?post=21199"},{"taxonomy":"product_cat","embeddable":true,"href":"https:\/\/store.astieks.com\/et\/wp-json\/wp\/v2\/product_cat?post=21199"},{"taxonomy":"product_tag","embeddable":true,"href":"https:\/\/store.astieks.com\/et\/wp-json\/wp\/v2\/product_tag?post=21199"}],"curies":[{"name":"wp","href":"https:\/\/api.w.org\/{rel}","templated":true}]}}

HELIOSA OBELISK – valgustus ja küte

<div style="font-size: small; text-decoration: none; font-family: 'Calibri'; font-weight: normal; color: #000000; font-style: normal; display: inline;">
<div dir="ltr">
<div>
<div>Disainitud infrapunakiirgurite sari, mis on loodud arhitektidele, disaineritele, HoReCa-sektorile ja eraklientidele. Heliosa professionaalsed infrapunakiirgurid sobivad ideaalselt verandade, terrasside ja välialade soojendamiseks kohtades, kus on oluline maksimaalne elegants ja tagasihoidlikkus. Heliosa ühendab kõrge soojusvõimsuse stiilse disainiga, mis sulandub harmooniliselt igasse keskkonda.  </div>
</div>
</div>
</div>

<div style="font-size: small; text-decoration: none; font-family: 'Calibri'; font-weight: normal; color: #000000; font-style: normal; display: inline;">
<div dir="ltr">
<div>
<div>Seade on valmistatud polüetüleenist, millel on väga head mehaanilised omadused (ei deformeeru). Tegemist on keskkonnasõbraliku materjaliga, mis on taaskasutatav ning vastupidav ilmastikule, temperatuurimuutustele ja UV-kiirgusele.<br />Koosneb kahest osast: üks alus (postament) ja teine põhikorpus. Seadme kõrgus on umbes 208 cm.<br />Sobib kasutamiseks välitingimustes.  </div>
</div>
</div>
</div>
