{"id":20151,"date":"2025-09-16T15:11:25","date_gmt":"2025-09-16T13:11:25","guid":{"rendered":"https:\/\/store.astieks.com\/product\/vista-alegre-alvaro-siza-case-with-2-oporto-wine-goblets\/"},"modified":"2026-03-23T18:36:17","modified_gmt":"2026-03-23T16:36:17","slug":"vista-alegre-alvaro-siza-case-with-2-oporto-wine-goblets","status":"publish","type":"product","link":"https:\/\/store.astieks.com\/et\/product\/vista-alegre-alvaro-siza-case-with-2-oporto-wine-goblets\/","title":{"rendered":"VISTA ALEGRE \u00c1lvaro Siza 2 Oporto veiniklaasid"},"content":{"rendered":"<p>Karp 2 Oporto veiniklaasiga \u00c1lvaro Siza.<br \/>\u00c1lvaro Siza Vieira l\u00f5i ametliku portveiniklaasi, kujundades selleks ideaalse vormi, et t\u00e4ielikult esile tuua selle Portugali toote ainulaadne kvaliteet. <\/p>\n<header><strong>\u00c1lvaro Siza Vieira<\/strong><\/header>\n<div class=\"text\">\n<div id=\"categorydescriptioncontainer\">\n<p>Lugupeetud Portugali arhitekt \u00c1lvaro Siza Vieira s\u00fcndis 1933. aastal Matosinhose linnas.<br \/>Tema karj\u00e4\u00e4ri algusest on m\u00f6\u00f6dunud \u00fcle neljak\u00fcmne aasta ning tema looming on endiselt ajakohane ja p\u00e4lvib \u00fcle maailma suurt huvi. Veelgi enam p\u00e4rast seda, kui talle omistati Pritzker Architecture Prize 1992. aastal \u2013 maailma \u00fcks olulisemaid arhitektuuriauhindu. <\/p>\n<p>\u00c1lvaro Siza Vieira rahvusvahelise tunnustuse t\u00f5id mitmed tema silmapaistvad teosed, sealhulgas Aveiro \u00dclikooli raamatukogu, Boa Nova teemaja Le\u00e7a da Palmeiras, Galicia Kaasaegse Kunsti Muuseum Santiago de Compostelas, Porto \u00dclikooli arhitektuuriteaduskond, Barcelona ol\u00fcmpiak\u00fcla meteoroloogiakeskus, Serralvesi Kaasaegse Kunsti Muuseum Portos, Marco de Canavesese kirik ning Portugali paviljon Expo 98-l.<br \/>Samuti kavandas ta Aveiro \u00dclikooli kampusele veepaagi, mis ehitati 1991. aastal.<br \/>K\u00f5ik need projektid on toonud talle tunnustust \u00fcle kogu maailma.<\/p>\n<p>Lisaks Pritzker Architecture Prize auhinnale on \u00c1lvaro Siza Vieira p\u00e4lvinud mitmeid teisi tunnustusi, sealhulgas Madridi Arhitektide Kolleegiumi kuldmedali (1980), Alvar Aalto Foundation medali (1980), Euroopa arhitektuuripreemia (1980), aasta arhitektuuri auhinna (1982), mille andis Portugali Rahvusvahelise Kunstikriitikute Assotsiatsiooni sektsioon, ning Portugali Arhitektide Assotsiatsiooni arhitektuuripreemia (1987).<br \/>1993. aastal sai ta riikliku arhitektuuripreemia ning aastatel 1996 ja 2000 Secili arhitektuuripreemia. 2001. aastal tunnustas teda Wolf Foundation Alexandre Herculano nimelise riikliku arhitektuuripreemiaga.<br \/>\u00dcks viimaseid suuremaid tunnustusi oli 2009. aastal talle omistatud Royal Institute of British Architects kuldmedal. Lisaks sellele kuulub tema saavutuste hulka ka arvukalt audoktori tiitleid \u00fclikoolidelt \u00fcle maailma.   <\/p>\n<\/div>\n<\/div>\n","protected":false},"excerpt":{"rendered":"<p>Ametliku portveini klaasi loomisel kujundas \u00c1lvaro Siza Vieira ideaalse viisi, kuidas hinnata portveini ainulaadset kvaliteeti, nii et selle erip\u00e4rased looduslikud omadused tuleksid t\u00e4ielikult esile.<br \/>Vista Alegre pakub kristalli ja portveini austajatele t\u00e4iuslikku versiooni sellest silmapaistvast disainist.<\/p>\n","protected":false},"featured_media":16698,"template":"","meta":{"_acf_changed":false},"product_brand":[494],"product_cat":[243,273,268,276],"product_tag":[],"class_list":{"0":"post-20151","1":"product","2":"type-product","3":"status-publish","4":"has-post-thumbnail","6":"product_brand-vista-alegre-et","7":"product_cat-kingitused","8":"product_cat-klaasnoud","9":"product_cat-lauanoud","10":"product_cat-portveiniklaasid","11":"nt-post-class","12":"","18":"first","19":"instock","20":"taxable","21":"shipping-taxable","22":"purchasable","23":"product-type-simple"},"acf":[],"_links":{"self":[{"href":"https:\/\/store.astieks.com\/et\/wp-json\/wp\/v2\/product\/20151","targetHints":{"allow":["GET"]}}],"collection":[{"href":"https:\/\/store.astieks.com\/et\/wp-json\/wp\/v2\/product"}],"about":[{"href":"https:\/\/store.astieks.com\/et\/wp-json\/wp\/v2\/types\/product"}],"version-history":[{"count":1,"href":"https:\/\/store.astieks.com\/et\/wp-json\/wp\/v2\/product\/20151\/revisions"}],"predecessor-version":[{"id":20241,"href":"https:\/\/store.astieks.com\/et\/wp-json\/wp\/v2\/product\/20151\/revisions\/20241"}],"wp:featuredmedia":[{"embeddable":true,"href":"https:\/\/store.astieks.com\/et\/wp-json\/wp\/v2\/media\/16698"}],"wp:attachment":[{"href":"https:\/\/store.astieks.com\/et\/wp-json\/wp\/v2\/media?parent=20151"}],"wp:term":[{"taxonomy":"product_brand","embeddable":true,"href":"https:\/\/store.astieks.com\/et\/wp-json\/wp\/v2\/product_brand?post=20151"},{"taxonomy":"product_cat","embeddable":true,"href":"https:\/\/store.astieks.com\/et\/wp-json\/wp\/v2\/product_cat?post=20151"},{"taxonomy":"product_tag","embeddable":true,"href":"https:\/\/store.astieks.com\/et\/wp-json\/wp\/v2\/product_tag?post=20151"}],"curies":[{"name":"wp","href":"https:\/\/api.w.org\/{rel}","templated":true}]}}

VISTA ALEGRE Álvaro Siza 2 Oporto veiniklaasid

<p>Karp 2 Oporto veiniklaasiga Álvaro Siza.<br />Álvaro Siza Vieira lõi ametliku portveiniklaasi, kujundades selleks ideaalse vormi, et täielikult esile tuua selle Portugali toote ainulaadne kvaliteet. </p>
<header><strong>Álvaro Siza Vieira</strong></header>
<div class="text">
<div id="categorydescriptioncontainer">
<p>Lugupeetud Portugali arhitekt Álvaro Siza Vieira sündis 1933. aastal Matosinhose linnas.<br />Tema karjääri algusest on möödunud üle neljakümne aasta ning tema looming on endiselt ajakohane ja pälvib üle maailma suurt huvi. Veelgi enam pärast seda, kui talle omistati Pritzker Architecture Prize 1992. aastal – maailma üks olulisemaid arhitektuuriauhindu. </p>
<p>Álvaro Siza Vieira rahvusvahelise tunnustuse tõid mitmed tema silmapaistvad teosed, sealhulgas Aveiro Ülikooli raamatukogu, Boa Nova teemaja Leça da Palmeiras, Galicia Kaasaegse Kunsti Muuseum Santiago de Compostelas, Porto Ülikooli arhitektuuriteaduskond, Barcelona olümpiaküla meteoroloogiakeskus, Serralvesi Kaasaegse Kunsti Muuseum Portos, Marco de Canavesese kirik ning Portugali paviljon Expo 98-l.<br />Samuti kavandas ta Aveiro Ülikooli kampusele veepaagi, mis ehitati 1991. aastal.<br />Kõik need projektid on toonud talle tunnustust üle kogu maailma.</p>
<p>Lisaks Pritzker Architecture Prize auhinnale on Álvaro Siza Vieira pälvinud mitmeid teisi tunnustusi, sealhulgas Madridi Arhitektide Kolleegiumi kuldmedali (1980), Alvar Aalto Foundation medali (1980), Euroopa arhitektuuripreemia (1980), aasta arhitektuuri auhinna (1982), mille andis Portugali Rahvusvahelise Kunstikriitikute Assotsiatsiooni sektsioon, ning Portugali Arhitektide Assotsiatsiooni arhitektuuripreemia (1987).<br />1993. aastal sai ta riikliku arhitektuuripreemia ning aastatel 1996 ja 2000 Secili arhitektuuripreemia. 2001. aastal tunnustas teda Wolf Foundation Alexandre Herculano nimelise riikliku arhitektuuripreemiaga.<br />Üks viimaseid suuremaid tunnustusi oli 2009. aastal talle omistatud Royal Institute of British Architects kuldmedal. Lisaks sellele kuulub tema saavutuste hulka ka arvukalt audoktori tiitleid ülikoolidelt üle maailma.   </p>
</div>
</div>

<p>Ametliku portveini klaasi loomisel kujundas Álvaro Siza Vieira ideaalse viisi, kuidas hinnata portveini ainulaadset kvaliteeti, nii et selle eripärased looduslikud omadused tuleksid täielikult esile.<br />Vista Alegre pakub kristalli ja portveini austajatele täiuslikku versiooni sellest silmapaistvast disainist.</p>
